{"id":1534,"date":"2014-12-08T22:51:41","date_gmt":"2014-12-08T20:51:41","guid":{"rendered":"http:\/\/www.es-ses.org\/?page_id=1534"},"modified":"2014-12-10T22:25:09","modified_gmt":"2014-12-10T20:25:09","slug":"anket","status":"publish","type":"page","link":"http:\/\/www.es-ses.org\/?page_id=1534","title":{"rendered":"Emek\u00e7ilerin Bak\u0131\u015f\u0131 \u0130le \u00dcniversite Hastaneleri Y\u00f6neticilerine Not Veriyoruz."},"content":{"rendered":"<p>[polldaddy type=&#8221;iframe&#8221; survey=&#8221;2311600BB539F4D7&#8243; height=&#8221;auto&#8221; domain=&#8221;1899036&#8243; id=&#8221;www-es-ses-org-anket&#8221;]<\/p>\n","protected":false},"excerpt":{"rendered":"<p>[polldaddy type=&#8221;iframe&#8221; survey=&#8221;2311600BB539F4D7&#8243; height=&#8221;auto&#8221; domain=&#8221;1899036&#8243; id=&#8221;www-es-ses-org-anket&#8221;]<\/p>\n","protected":false},"author":1,"featured_media":0,"parent":0,"menu_order":0,"comment_status":"open","ping_status":"open","template":"","meta":{"footnotes":""},"class_list":["post-1534","page","type-page","status-publish","hentry"],"_links":{"self":[{"href":"http:\/\/www.es-ses.org\/index.php?rest_route=\/wp\/v2\/pages\/1534","targetHints":{"allow":["GET"]}}],"collection":[{"href":"http:\/\/www.es-ses.org\/index.php?rest_route=\/wp\/v2\/pages"}],"about":[{"href":"http:\/\/www.es-ses.org\/index.php?rest_route=\/wp\/v2\/types\/page"}],"author":[{"embeddable":true,"href":"http:\/\/www.es-ses.org\/index.php?rest_route=\/wp\/v2\/users\/1"}],"replies":[{"embeddable":true,"href":"http:\/\/www.es-ses.org\/index.php?rest_route=%2Fwp%2Fv2%2Fcomments&post=1534"}],"version-history":[{"count":0,"href":"http:\/\/www.es-ses.org\/index.php?rest_route=\/wp\/v2\/pages\/1534\/revisions"}],"wp:attachment":[{"href":"http:\/\/www.es-ses.org\/index.php?rest_route=%2Fwp%2Fv2%2Fmedia&parent=1534"}],"curies":[{"name":"wp","href":"https:\/\/api.w.org\/{rel}","templated":true}]}}